se 0 = s + s - 5*w, 2*s - 3*w = 0. Suppose -308 = -s*j - 4*j. Calculate the greatest common factor of j and 11.
11
Let m(i) = -3 - i**3 + 3*i + 2*i**2 + 2*i + 0*i. Let c be m(3). Let d(j) = -j**2 + 10*j - 8. Let q be d(9). Calculate the highest common factor of c and q.
1
Suppose -2*m + 5 = 1. Let r(n) = -n**3 + n**2 + 2*n - 3*n**2 + m - 3*n**2 + 2*n**2. Let j be r(-5). Calculate the greatest common factor of 28 and j.
14
Let p be (-1)/(3 + 33/(-12)). Let o = p - -5. Calculate the highest common factor of 11 and o.
1
Let b(t) = -t**3 + 11*t**2 + 13*t - 3. Let x be b(12). What is the greatest common divisor of x and 63?
9
Let h be (2 - (-21)/(-6))*-2. Suppose v = -h*b + 2 + 1, 5*v + 2*b = 67. Calculate the highest common divisor of v and 135.
15
Suppose -8*s + 5*s = -21. Calculate the greatest common factor of 49 and s.
7
Suppose 2*k = 3*j + 32, -j - 4*k = -0*j + 6. Let c be 84/10 - (-4)/j. Calculate the greatest common divisor of c and 1.
1
Suppose -4*k + 410 = -94. Calculate the highest common divisor of k and 36.
18
Suppose t - 5*t = -5*u + 120, 0 = -3*u + t + 79. Calculate the greatest common factor of u and 4.
4
Let j = -2 - -17. Suppose -9 = 6*y - 5*y. Let b be 163/5 + y/j. Calculate the highest common divisor of b and 4.
4
Let m = -17 - -29. Calculate the greatest common divisor of m and 36.
12
Let i be 1326/10 + (-6)/(-15). Suppose 2*w - 4*w + 2*y + 42 = 0, -85 = -5*w - 5*y. Calculate the highest common factor of w and i.
19
Suppose -75 = -4*t + n, 2*n - 45 = -3*t + 5*n. What is the highest common factor of t and 8?
4
Let u(l) = 2*l**2 - 2*l + 3. Let a be u(2). Let x = 25 + 10. What is the highest common factor of x and a?
7
Suppose 5*p + 0*p = 30. What is the highest common factor of p and 15?
3
Suppose 5*k - 34 = 46. Let v = k - 8. What is the highest common factor of 12 and v?
4
Suppose -r + y + 119 = 0, -4*r + 2*y = -0*y - 480. Suppose 0 = -t + 4*a + 7, 4*t - 3*a + 5*a = 46. What is the greatest common factor of r and t?
11
Let s = 0 - -3. Suppose 4*x - 2 = -s*j, -5*j - 5*x + 10 = -0*j. Let q = -3 + j. What is the greatest common factor of 24 and q?
3
Let g = 22 - 10. Let a(s) = s**2 - 8*s + 3. Let n be a(3). Let k be (-2 - -1)/(2/n). What is the greatest common factor of k and g?
6
Let v be 17 + 8 + -2 - (-6)/(-2). What is the highest common factor of v and 50?
10
Suppose -2*n + 2*y + 0 + 10 = 0, 3*y = 2*n - 14. Let u(w) = 5*w - 5*w + w**2. Let j be u(3). What is the greatest common divisor of j and n?
1
Let k be 2/(-5) - 244/(-10). Let a be k*(57/12 - 1). Let y = a - 64. What is the highest common factor of 13 and y?
13
Suppose 3*u + 195 = 8*u. Suppose -2*m + 5 + u = 0. What is the highest common divisor of m and 242?
22
Suppose 4*w = -0*w - 64. Let p = 8 + 21. Let h = w + p. Calculate the highest common divisor of h and 13.
13
Suppose 4*j - 14 = 10. Let o be 3/j - (-140)/8. Calculate the greatest common factor of 27 and o.
9
Let x be (45/(-2))/(-3)*2. Let j be x + (2 - (-20)/(-4)). Calculate the greatest common factor of 84 and j.
12
Let t be -3 - (2 - 3) - -18. What is the highest common divisor of 16 and t?
16
Let g(u) = 5*u - 43. Let m be g(10). Let b be ((-7)/2)/(1/(-2)). What is the highest common divisor of b and m?
7
Suppose 0 = -4*u + 8*u - 4. Suppose -2*g = -3*m + 1 + u, -3*g = -5*m + 4. Let j be 12/g*1*3. Calculate the greatest common divisor of 18 and j.
18
Let c be (-6)/54*-6*5*6. What is the greatest common divisor of 5 and c?
5
Suppose 5*q = -y - 4*y + 140, 5*y = -3*q + 130. Calculate the greatest common factor of 161 and y.
23
Let k(y) be the third derivative of 11/3*y**3 + 0*y**5 + 0 - y**2 + 1/24*y**4 + 0*y - 1/120*y**6. Let a be k(0). Calculate the highest common factor of a and 2.
2
Let s be 1*(1 - 1 - -1). Let j(m) = m**3 - 2*m**2 + m - 4. Let i be (-5)/(-2)*(-24)/(-20). Let v be j(i). Calculate the highest common factor of v and s.
1
Let l be (-4)/(-5) + 3/15. Suppose j + 1 = 3*k, -k - l = -0*k - j. Let n be k + 1 - (-6 - -6). Calculate the highest common divisor of 6 and n.
2
Let x be -58*(-8)/(-6)*(-51)/34. What is the highest common divisor of 290 and x?
58
Let q be (9 - 20)/(1 - 2). Calculate the highest common divisor of 176 and q.
11
Suppose -608 = 2*f - 6*f. Suppose -f = 4*l - 452. Calculate the greatest common divisor of 30 and l.
15
Suppose 4*d + 39 = 103. Calculate the greatest common divisor of d and 112.
16
Let q(d) = d**3 - 3*d**2 + d. Let w be q(2). Let b be 0 + 1 + w + 8. Let j(k) = 6*k**2 - k + 5. Let a be j(3). What is the highest common factor of a and b?
7
Let l(z) = z**3 + z + 4. Let b be l(0). Calculate the highest common divisor of b and 4.
4
Suppose -48 - 246 = -2*t. Calculate the greatest common factor of t and 7.
7
Let g = 5 + -14. Let r = g + 42. What is the greatest common factor of 22 and r?
11
Suppose -19*z + 20*z = a + 23, 5*z = 2*a + 124. Let w be 547/3 - 2/6. What is the highest common divisor of z and w?
26
Let k(h) = -14*h + 3*h + 4*h + 5. Let u be k(-7). What is the highest common divisor of 6 and u?
6
Suppose -i + 63 = 5*s, 4*s - 3*i - 2*i - 33 = 0. Calculate the highest common divisor of s and 36.
12
Let w = 44 - 19. What is the greatest common divisor of w and 125?
25
Let o = 128 - 78. Let q = 24 + -4. Calculate the highest common factor of o and q.
10
Suppose x - 99 + 27 = 0. Calculate the greatest common divisor of x and 24.
24
Let n be 11/3 + (-1)/(-3). Suppose 246 = n*v + 46. What is the highest common divisor of v and 10?
10
Let i(z) = -z**3 - 3*z**3 - 3*z**2 + 5*z**3 + z**3 - 1 - 4*z. Let h be i(4). What is the highest common divisor of h and 7?
7
Let l be (66/9)/((-12)/(-18)). Suppose -7*k + 3*k - 5*p = -3, 0 = 5*k - p - l. Calculate the highest common divisor of k and 4.
2
Let m(t) = -t**2 - 12*t + 4. Let j be m(-7). Suppose -3*p = -5*q - j - 503, 2*p + 98 = -q. Let y = -58 - q. Calculate the highest common divisor of 12 and y.
12
Let v be (4/5)/(3/15). Let d be 26/v + (-5)/10. Let u be d + -3 + (0 - 1). Calculate the highest common divisor of u and 5.
1
Let m be 4 + (0 - 4 - -248). Calculate the greatest common factor of m and 31.
31
Suppose -2*l + 3*l - 162 = 0. Let g = -15 + 33. Calculate the greatest common factor of g and l.
18
Let i(b) be the third derivative of b**4/24 + 4*b**3/3 + b**2. Let u be i(8). What is the highest common divisor of 64 and u?
16
Suppose -5*x + 272 = 4*q, 0 = 4*q - 4*x - 211 - 25. What is the greatest common factor of 9 and q?
9
Let r = -73 - -109. Let p(f) = -f**3 - 6*f**2 - 7*f - 6. Let x be p(-5). What is the greatest common divisor of r and x?
4
Let u = 83 + -35. Let p(q) = -3*q - 3. Let f be p(-12). Let g be 192/f + (-2)/(-11). Calculate the highest common factor of u and g.
6
Suppose 0 = 2*v - 0*v - 418. Suppose -t - v = -928. Suppose 2*l + x - 200 = 89, -t = -5*l + x. What is the greatest common factor of 16 and l?
16
Let w be 4*(-6)/(3 + -5). Suppose 3*y - 60 = -5*k + w, -k = y - 16. Let r be (k/(-18))/((-4)/90). Calculate the highest common factor of r and 30.
15
Suppose p = 2*p - 52. What is the greatest common divisor of p and 13?
13
Let u = -4 + -8. Let g be (-6)/(-4) - 270/u. Suppose -2*p + 180 = 3*p. Calculate the greatest common factor of g and p.
12
Suppose 3*x = -2*s + 38, 4*s - 2*x - 76 = 3*x. What is the highest common divisor of 209 and s?
19
Let d be 1 - (-4 - 1)*1. Let k be 112/3 + d/9. Calculate the greatest common divisor of 19 and k.
19
Let u = 359 + -188. What is the greatest common factor of 19 and u?
19
Suppose -10 + 37 = o + 3*d, -3*d - 153 = -5*o. What is the highest common factor of 10 and o?
10
Let j = 29 - 49. Let z = -10 - j. Calculate the greatest common divisor of z and 30.
10
Let w(u) = u**2 + 7*u - 22. Let c be w(-10). Calculate the greatest common divisor of 12 and c.
4
Let h = 19 - 11. Let q be 2/h - (-671)/4. Let f = q + -47. What is the greatest common divisor of 11 and f?
11
Let t be -49*1*(0 - -1). Let x = t - -84. Calculate the highest common divisor of x and 14.
7
Let t = -145 - -262. Let u be (-49 - 3)*2/(-4). Suppose m + m = u. What is the greatest common factor of t and m?
13
Suppose -2*w + 63 = 9. Let r = w + -7. Calculate the greatest common divisor of 60 and r.
20
Let d(z) = -12*z + 1. Let m be d(-2). Calculate the highest common factor of m and 100.
25
Suppose 7*q - 52 = 74. Ca